{"id":1194,"date":"2025-02-24T14:14:20","date_gmt":"2025-02-24T13:14:20","guid":{"rendered":"https:\/\/mars.uj.edu.pl\/?page_id=1194"},"modified":"2026-01-15T16:01:21","modified_gmt":"2026-01-15T15:01:21","slug":"planetary-science-conference-2025","status":"publish","type":"page","link":"https:\/\/mars.uj.edu.pl\/index.php\/planetary-science-conference\/planetary-science-conference-2025\/","title":{"rendered":"Planetary Science Conference 2025"},"content":{"rendered":"\n<figure class=\"wp-block-image size-large\"><img loading=\"lazy\" width=\"1024\" height=\"724\" src=\"https:\/\/mars.uj.edu.pl\/wp-content\/uploads\/2025\/10\/PSC2025_v2025_10_15-1-1024x724.jpg\" alt=\"\" class=\"wp-image-1343\" srcset=\"https:\/\/mars.uj.edu.pl\/wp-content\/uploads\/2025\/10\/PSC2025_v2025_10_15-1-1024x724.jpg 1024w, https:\/\/mars.uj.edu.pl\/wp-content\/uploads\/2025\/10\/PSC2025_v2025_10_15-1-300x212.jpg 300w, https:\/\/mars.uj.edu.pl\/wp-content\/uploads\/2025\/10\/PSC2025_v2025_10_15-1-768x543.jpg 768w, https:\/\/mars.uj.edu.pl\/wp-content\/uploads\/2025\/10\/PSC2025_v2025_10_15-1-1536x1086.jpg 1536w, https:\/\/mars.uj.edu.pl\/wp-content\/uploads\/2025\/10\/PSC2025_v2025_10_15-1-2048x1448.jpg 2048w\" sizes=\"(max-width: 706px) 89vw, (max-width: 767px) 82vw, 740px\" \/><\/figure>\n\n\n\n<figure class=\"wp-block-image size-full\"><img src=\"https:\/\/mars.uj.edu.pl\/wp-content\/uploads\/2026\/01\/PSC2025foto.jpg\" alt=\"fot. Krzysztof Magda\" class=\"wp-image-1365\"\/><\/figure>\n\n\n\n<h4>Objectives and scope of the PSC 2025:<\/h4>\n\n\n\n<ul><li>Presentation of current achievements in planetary science<\/li><li>Development of planetary and space science in Poland and beyond<\/li><li>Integration of the Polish planetary scientist community<\/li><li>Strengthening international cooperation in planetary science<\/li><\/ul>\n\n\n\n<p>Topics of interest for submission include, but are not limited to:<\/p>\n\n\n\n<ul><li>Planets (apart from Earth), dwarf planets, moons, small objects of the Solar System<\/li><li>Exoplanets<\/li><li>Research associated to:<ul><li>Current and past planetary missions<\/li><li>New methods and tools for future space exploration<\/li><li>Laboratory experiments<\/li><li>Simulations and theoretical investigations<\/li><li>Terrestrial analog studies<\/li><\/ul><\/li><\/ul>\n\n\n\n<h4>Organizers<\/h4>\n\n\n\n<ul><li><a href=\"https:\/\/fais.uj.edu.pl\/en_GB\/\">The Faculty of Physics, Astronomy and Applied Computer Science of the Jagiellonian University<\/a><\/li><\/ul>\n\n\n\n<ul><li><a href=\"https:\/\/wgig.uj.edu.pl\/\">The Faculty of Geography and Geology of the Jagiellonian University<\/a><\/li><\/ul>\n\n\n\n<h4>Co-Organizers<\/h4>\n\n\n\n<ul><li><a href=\"https:\/\/cbkpan.pl\/en\/\">Space Research Centre, Polish Academy of Sciences<\/a><\/li><li><a href=\"https:\/\/www.gik.pw.edu.pl\/gik_en\">Warsaw University of Technology, Faculty of Geodesy and Cartography<\/a><\/li><\/ul>\n\n\n\n<h4>Honorary Patronage<\/h4>\n\n\n\n<ul><li>Rector of the Jagiellonian University in Krakow<br><strong>Prof. dr hab. Piotr Jedynak<\/strong><\/li><li>Dean of the Faculty of Physics, Astronomy and Applied Computer Science UJ<br><strong>Prof. dr hab. Zbigniew Postawa<\/strong><\/li><li>Dean of the Faculty of Geography and Geology UJ<br><strong>Prof. dr hab. Marek Drewnik<\/strong><\/li><\/ul>\n\n\n\n<h4>Scientific Committee<\/h4>\n\n\n\n<ul><li><strong>Prof. dr hab. Kazimierz Krzemie\u0144<\/strong> (Faculty of Geography and Geology, Jagiellonian University)<\/li><li><strong>Prof. dr hab. Robert Olszewski<\/strong> (Faculty of Geodesy and Cartography, Warsaw University of Technology)<\/li><li><strong>Dr hab. Joanna Gurgurewicz<\/strong> (Space Research Centre, Polish Academy of Sciences)<\/li><li><strong>Dr hab. Daniel M\u00e8ge<\/strong> (Space Research Centre, Polish Academy of Sciences)<\/li><li><strong>Dr hab. Marian Soida<\/strong> (Faculty of Physics, Astronomy and Applied Computer Science, Jagiellonian University)<\/li><li><strong>Dr Joanna Kozakiewicz<\/strong> (Faculty of Physics, Astronomy and Applied Computer Science, Jagiellonian University)<\/li><li><strong>Dr Anna \u0141osiak<\/strong> (Institute of Geological Sciences, Polish Academy of Sciences)<\/li><\/ul>\n\n\n\n<h4>Organizing Committee<\/h4>\n\n\n\n<ul><li><strong>Dr Joanna Kozakiewicz<\/strong> (FAIS UJ)<\/li><li><strong>Dr Maciej Kania<\/strong> (ING UJ)<\/li><li><strong>Dr Mateusz Sobucki<\/strong> (IGIGP UJ)<\/li><li><strong>Dr Mateusz Szcz\u0119ch<\/strong> (ING UJ)<\/li><li><strong>Dr hab. Joanna Gurgurewicz<\/strong> (CBK PAN)<\/li><li><strong>Dr Anna \u0141osiak<\/strong> (ING PAN)<\/li><li><strong>Mgr Pawe\u0142 Czernic<\/strong> (PW)<\/li><li><strong>Mgr Nikodem Frodyma<\/strong> (FAIS UJ)<\/li><li><strong>Mgr Anna Gawlik<\/strong> (FAIS UJ)<\/li><li><strong>Mgr Szymon Mol<\/strong> (ING UJ)<\/li><\/ul>\n\n\n\n<h4>Patrons<\/h4>\n\n\n\n<ul><li><a href=\"https:\/\/www.ptgeol.pl\/\">Polish Geological Society<\/a><\/li><\/ul>\n\n\n\n<h4>Partners<\/h4>\n\n\n\n<ul><li><a href=\"https:\/\/cep.uj.edu.pl\/en_GB\">Nature Education Center, Jagiellonian University<\/a><\/li><li><a href=\"https:\/\/dlabiznesu.krakow.pl\/\" target=\"_blank\" rel=\"noreferrer noopener\">Krak\u00f3w<\/a><\/li><\/ul>\n\n\n\n<div style=\"height:50px\" aria-hidden=\"true\" class=\"wp-block-spacer\"><\/div>\n\n\n\n<div class=\"wp-container-3 wp-block-group\"><div class=\"wp-block-group__inner-container\">\n<div class=\"wp-container-2 wp-block-group has-background\" style=\"background-color:#222222\"><div class=\"wp-block-group__inner-container\">\n<h1 class=\"has-text-align-center\"><strong>PSC 2025 Program<\/strong><\/h1>\n\n\n\n<div style=\"height:25px\" aria-hidden=\"true\" class=\"wp-block-spacer\"><\/div>\n\n\n\n<h5><strong>Oct 23<\/strong><\/h5>\n\n\n\n<h6><strong>2 pm-3 pm (CEST): Registration for the scientific sessions (hall)<\/strong><\/h6>\n\n\n\n<h6><strong>3 pm-6 pm (CEST): Scientific sessions, talks (room A-1-06)<\/strong><\/h6>\n\n\n\n<div style=\"height:50px\" aria-hidden=\"true\" class=\"wp-block-spacer\"><\/div>\n\n\n\n<h5><strong>Oct 24<\/strong><\/h5>\n\n\n\n<h6><strong>10:00-10:45 am (CEST): Workshop session \u2018First Polish planetary mission\u2019 (tylko dla uczestnik\u00f3w na miejscu)<\/strong><\/h6>\n\n\n\n<h6><strong>11:00 am-12:15 pm (CEST): Scientific sessions, talks (room A-1-08)<\/strong><\/h6>\n\n\n\n<h6><strong>12:30-1:30 pm (CEST): Poster session 1<\/strong><\/h6>\n\n\n\n<h6><strong>1:30-2:30 pm (CEST): Lunch break<\/strong><\/h6>\n\n\n\n<h6><strong>2:45-5:50 pm (CEST): Scientific sessions, talks (room A-1-03)<\/strong><\/h6>\n\n\n\n<h6><strong>6:00-7:00 pm (CEST): Poster session 2<\/strong><\/h6>\n\n\n\n<div style=\"height:50px\" aria-hidden=\"true\" class=\"wp-block-spacer\"><\/div>\n\n\n\n<h5><strong>Oct 25<\/strong><\/h5>\n\n\n\n<h6>11:00 am-1:00 pm (CEST): Visiting laboratories of the Faculty of Geography and Geology of the Jagiellonian University.<\/h6>\n\n\n\n<p><strong>The detailed program of the scientific sessions and the book of abstracts are available here:<\/strong><\/p>\n\n\n\n<div class=\"wp-container-1 is-content-justification-center wp-block-buttons\">\n<div class=\"wp-block-button\"><a class=\"wp-block-button__link\" href=\"https:\/\/indico.fais.uj.edu.pl\/event\/45\/timetable\/#all.detailed\" target=\"_blank\" rel=\"noreferrer noopener\">Program &amp; Book of Abstracts<\/a><\/div>\n<\/div>\n\n\n\n<p class=\"has-small-font-size\">(CEST &#8211; Central European Summer Time)<\/p>\n<\/div><\/div>\n\n\n\n<p><\/p>\n<\/div><\/div>\n\n\n\n<div style=\"height:25px\" aria-hidden=\"true\" class=\"wp-block-spacer\"><\/div>\n\n\n\n<div class=\"wp-container-6 wp-block-group has-background\" style=\"background-color:#7c6f63\"><div class=\"wp-block-group__inner-container\">\n<div style=\"height:25px\" aria-hidden=\"true\" class=\"wp-block-spacer\"><\/div>\n\n\n\n<h1 class=\"has-text-align-center\"><strong>Accompanying events<\/strong><\/h1>\n\n\n\n<div style=\"height:25px\" aria-hidden=\"true\" class=\"wp-block-spacer\"><\/div>\n\n\n\n<h5><strong>Oct 23-Nov 10<\/strong><\/h5>\n\n\n\n<h6>\u2018Interplanetary journey\u2019 exhibition at the Nature Education Centre<\/h6>\n\n\n\n<div style=\"height:75px\" aria-hidden=\"true\" class=\"wp-block-spacer\"><\/div>\n\n\n\n<h5><strong>Oct 23<\/strong><\/h5>\n\n\n\n<h6>10.30-11.30 am (CEST) \u201eThursday with Planets\u201d (event for schools in Polish): <em>PROBA 3 i Comet Interceptor: czyli co zabawnego (innego) mo\u017cna zrobi\u0107 w kosmosie?<\/em> \u2013 dr hab. in\u017c. Piotr Orlea\u0144ski (Centrum Bada\u0144 Kosmicznych Polskiej Akademii Nauk)<\/h6>\n\n\n\n<div class=\"wp-container-4 is-vertical is-content-justification-center wp-block-buttons\"><\/div>\n\n\n\n<div style=\"height:20px\" aria-hidden=\"true\" class=\"wp-block-spacer\"><\/div>\n\n\n\n<h6>6:15-7:15 pm (CEST): Open lecture (in Polish): <em>Polska w kosmicznych misjach planetarnych<\/em> \u2013 dr hab. in\u017c. Piotr Orlea\u0144ski (Centrum Bada\u0144 Kosmicznych Polskiej Akademii Nauk) (room A-1-06)<\/h6>\n\n\n\n<h6>7:15-8:00 pm (CEST): \u2018Interplanetary journey\u2019 exhibition vernissage (Nature Education Centre)<\/h6>\n\n\n\n<div style=\"height:75px\" aria-hidden=\"true\" class=\"wp-block-spacer\"><\/div>\n\n\n\n<h5><strong>Oct&nbsp;25<\/strong><\/h5>\n\n\n\n<h6>3:00-7:00 pm (CEST): Planetary Day<br>Open Public Lectures<\/h6>\n\n\n\n<p class=\"has-text-align-left\">Registration is required!<\/p>\n\n\n\n<div class=\"wp-container-5 is-vertical is-content-justification-center wp-block-buttons\"><\/div>\n\n\n\n<div style=\"height:20px\" aria-hidden=\"true\" class=\"wp-block-spacer\"><\/div>\n\n\n\n<p>15:00-16:00 <strong><em>Co spada z nieba nad Polsk\u0105<\/em>?<\/strong>&nbsp;&#8211; Mateusz \u017bmija<\/p>\n\n\n\n<p>3:00-4:00 pm <strong><em>Co spada z nieba nad Polsk\u0105<\/em>?<\/strong>&nbsp;&#8211; Mateusz \u017bmija (Sie\u0107 bolidowa Skytinel)<\/p>\n\n\n\n<p>4:00-5:00 pm <strong><em>Jak unikn\u0105\u0107 zag\u0142ady, gdy asteroida uderza w Ziemi\u0119<\/em>? &nbsp;<\/strong>&#8211; dr Anna \u0141osiak (Instytut Nauk Geologicznych Polskiej Akademii Nauk)<\/p>\n\n\n\n<p>5:00-6:00 pm <strong><em>Mars: kolejny krok ludzko\u015bci<\/em><\/strong>&nbsp;&#8211; dr Joanna Kozakiewicz (Uniwersytet Jagiello\u0144ski w Krakowie)<\/p>\n\n\n\n<p>6:00-7:00 pm <strong><em>PANGAEA: Przygotowanie astronaut\u00f3w do misji planetarnych <\/em>\/ <em>PANGAEA: <\/em>Training Astronauts for Planetary Exploration <\/strong>&#8211; dr Pierre-Antoine Tesson (Centrum Bada\u0144 Kosmicznych Polskiej Akademii Nauk)<br>&#8211; lecture in English<\/p>\n<\/div><\/div>\n\n\n\n<div style=\"height:50px\" aria-hidden=\"true\" class=\"wp-block-spacer\"><\/div>\n\n\n\n<div class=\"wp-container-7 wp-block-group has-white-background-color has-background\"><div class=\"wp-block-group__inner-container\">\n<div style=\"height:20px\" aria-hidden=\"true\" class=\"wp-block-spacer\"><\/div>\n\n\n<div class=\"wp-block-image\">\n<figure class=\"aligncenter size-full is-resized\"><img src=\"https:\/\/mars.uj.edu.pl\/wp-content\/uploads\/2025\/10\/krakow_logo-1.png\" alt=\"\" class=\"wp-image-1326\" width=\"300\" srcset=\"https:\/\/mars.uj.edu.pl\/wp-content\/uploads\/2025\/10\/krakow_logo-1.png 502w, https:\/\/mars.uj.edu.pl\/wp-content\/uploads\/2025\/10\/krakow_logo-1-300x92.png 300w\" sizes=\"(max-width: 502px) 100vw, 502px\" \/><\/figure><\/div><\/div><\/div>\n\n\n\n<blockquote class=\"wp-block-quote has-text-align-center has-white-color has-text-color has-small-font-size\" style=\"font-style:normal;font-weight:100\"><p><a href=\"https:\/\/dlabiznesu.krakow.pl\/\" target=\"_blank\" rel=\"noreferrer noopener\">Konferencja odby\u0142a si\u0119 w ramach inicjatywy Krakowskie Konferencje Naukowe<\/a><\/p><\/blockquote>\n\n\n\n<p><\/p>\n","protected":false},"excerpt":{"rendered":"<p>Objectives and scope of the PSC 2025: Presentation of current achievements in planetary science Development of planetary and space science in Poland and beyond Integration of the Polish planetary scientist community Strengthening international cooperation in planetary science Topics of interest for submission include, but are not limited to: Planets (apart from Earth), dwarf planets, moons, &hellip; <\/p>\n<p class=\"link-more\"><a href=\"https:\/\/mars.uj.edu.pl\/index.php\/planetary-science-conference\/planetary-science-conference-2025\/\" class=\"more-link\">Czytaj dalej<span class=\"screen-reader-text\"> Planetary Science Conference 2025<\/span><\/a><\/p>\n","protected":false},"author":1,"featured_media":0,"parent":440,"menu_order":0,"comment_status":"closed","ping_status":"closed","template":"","meta":[],"yoast_head":"<!-- This site is optimized with the Yoast SEO plugin v19.4 - https:\/\/yoast.com\/wordpress\/plugins\/seo\/ -->\n<title>Planetary Science Conference 2025 - Mi\u0119dzywydzia\u0142owy Program Bada\u0144 Planetarnych<\/title>\n<meta name=\"robots\" content=\"index, follow, max-snippet:-1, max-image-preview:large, max-video-preview:-1\" \/>\n<link rel=\"canonical\" href=\"https:\/\/mars.uj.edu.pl\/index.php\/planetary-science-conference\/planetary-science-conference-2025\/\" \/>\n<meta property=\"og:locale\" content=\"pl_PL\" \/>\n<meta property=\"og:type\" content=\"article\" \/>\n<meta property=\"og:title\" content=\"Planetary Science Conference 2025 - Mi\u0119dzywydzia\u0142owy Program Bada\u0144 Planetarnych\" \/>\n<meta property=\"og:description\" content=\"Objectives and scope of the PSC 2025: Presentation of current achievements in planetary science Development of planetary and space science in Poland and beyond Integration of the Polish planetary scientist community Strengthening international cooperation in planetary science Topics of interest for submission include, but are not limited to: Planets (apart from Earth), dwarf planets, moons, &hellip; Czytaj dalej Planetary Science Conference 2025\" \/>\n<meta property=\"og:url\" content=\"https:\/\/mars.uj.edu.pl\/index.php\/planetary-science-conference\/planetary-science-conference-2025\/\" \/>\n<meta property=\"og:site_name\" content=\"Mi\u0119dzywydzia\u0142owy Program Bada\u0144 Planetarnych\" \/>\n<meta property=\"article:modified_time\" content=\"2026-01-15T15:01:21+00:00\" \/>\n<meta property=\"og:image\" content=\"https:\/\/mars.uj.edu.pl\/wp-content\/uploads\/2025\/10\/PSC2025_v2025_10_15-1-1024x724.jpg\" \/>\n<meta name=\"twitter:card\" content=\"summary_large_image\" \/>\n<meta name=\"twitter:label1\" content=\"Est. reading time\" \/>\n\t<meta name=\"twitter:data1\" content=\"5 minut\" \/>\n<script type=\"application\/ld+json\" class=\"yoast-schema-graph\">{\"@context\":\"https:\/\/schema.org\",\"@graph\":[{\"@type\":\"Organization\",\"@id\":\"https:\/\/mars.uj.edu.pl\/#organization\",\"name\":\"Planetary Lab \u2013 Interfaculty Program in Planetary Research (Jagiellonian University in Krak\u00f3w)\",\"url\":\"https:\/\/mars.uj.edu.pl\/\",\"sameAs\":[],\"logo\":{\"@type\":\"ImageObject\",\"inLanguage\":\"pl-PL\",\"@id\":\"https:\/\/mars.uj.edu.pl\/#\/schema\/logo\/image\/\",\"url\":\"https:\/\/mars.uj.edu.pl\/wp-content\/uploads\/2020\/02\/cropped-UJ_her_neg1.png\",\"contentUrl\":\"https:\/\/mars.uj.edu.pl\/wp-content\/uploads\/2020\/02\/cropped-UJ_her_neg1.png\",\"width\":179,\"height\":250,\"caption\":\"Planetary Lab \u2013 Interfaculty Program in Planetary Research (Jagiellonian University in Krak\u00f3w)\"},\"image\":{\"@id\":\"https:\/\/mars.uj.edu.pl\/#\/schema\/logo\/image\/\"}},{\"@type\":\"WebSite\",\"@id\":\"https:\/\/mars.uj.edu.pl\/#website\",\"url\":\"https:\/\/mars.uj.edu.pl\/\",\"name\":\"Mi\u0119dzywydzia\u0142owy Program Bada\u0144 Planetarnych\",\"description\":\"Uniwersytet Jagiello\u0144ski w Krakowie\",\"publisher\":{\"@id\":\"https:\/\/mars.uj.edu.pl\/#organization\"},\"potentialAction\":[{\"@type\":\"SearchAction\",\"target\":{\"@type\":\"EntryPoint\",\"urlTemplate\":\"https:\/\/mars.uj.edu.pl\/?s={search_term_string}\"},\"query-input\":\"required name=search_term_string\"}],\"inLanguage\":\"pl-PL\"},{\"@type\":\"WebPage\",\"@id\":\"https:\/\/mars.uj.edu.pl\/index.php\/planetary-science-conference\/planetary-science-conference-2025\/\",\"url\":\"https:\/\/mars.uj.edu.pl\/index.php\/planetary-science-conference\/planetary-science-conference-2025\/\",\"name\":\"Planetary Science Conference 2025 - Mi\u0119dzywydzia\u0142owy Program Bada\u0144 Planetarnych\",\"isPartOf\":{\"@id\":\"https:\/\/mars.uj.edu.pl\/#website\"},\"datePublished\":\"2025-02-24T13:14:20+00:00\",\"dateModified\":\"2026-01-15T15:01:21+00:00\",\"breadcrumb\":{\"@id\":\"https:\/\/mars.uj.edu.pl\/index.php\/planetary-science-conference\/planetary-science-conference-2025\/#breadcrumb\"},\"inLanguage\":\"pl-PL\",\"potentialAction\":[{\"@type\":\"ReadAction\",\"target\":[\"https:\/\/mars.uj.edu.pl\/index.php\/planetary-science-conference\/planetary-science-conference-2025\/\"]}]},{\"@type\":\"BreadcrumbList\",\"@id\":\"https:\/\/mars.uj.edu.pl\/index.php\/planetary-science-conference\/planetary-science-conference-2025\/#breadcrumb\",\"itemListElement\":[{\"@type\":\"ListItem\",\"position\":1,\"name\":\"Home\",\"item\":\"https:\/\/mars.uj.edu.pl\/index.php\/pl\/miedzywydzialowy-program-badan-planetarnych\/\"},{\"@type\":\"ListItem\",\"position\":2,\"name\":\"Planetary Science Conference\",\"item\":\"https:\/\/mars.uj.edu.pl\/index.php\/planetary-science-conference\/\"},{\"@type\":\"ListItem\",\"position\":3,\"name\":\"Planetary Science Conference 2025\"}]}]}<\/script>\n<!-- \/ Yoast SEO plugin. -->","yoast_head_json":{"title":"Planetary Science Conference 2025 - Mi\u0119dzywydzia\u0142owy Program Bada\u0144 Planetarnych","robots":{"index":"index","follow":"follow","max-snippet":"max-snippet:-1","max-image-preview":"max-image-preview:large","max-video-preview":"max-video-preview:-1"},"canonical":"https:\/\/mars.uj.edu.pl\/index.php\/planetary-science-conference\/planetary-science-conference-2025\/","og_locale":"pl_PL","og_type":"article","og_title":"Planetary Science Conference 2025 - Mi\u0119dzywydzia\u0142owy Program Bada\u0144 Planetarnych","og_description":"Objectives and scope of the PSC 2025: Presentation of current achievements in planetary science Development of planetary and space science in Poland and beyond Integration of the Polish planetary scientist community Strengthening international cooperation in planetary science Topics of interest for submission include, but are not limited to: Planets (apart from Earth), dwarf planets, moons, &hellip; Czytaj dalej Planetary Science Conference 2025","og_url":"https:\/\/mars.uj.edu.pl\/index.php\/planetary-science-conference\/planetary-science-conference-2025\/","og_site_name":"Mi\u0119dzywydzia\u0142owy Program Bada\u0144 Planetarnych","article_modified_time":"2026-01-15T15:01:21+00:00","og_image":[{"url":"https:\/\/mars.uj.edu.pl\/wp-content\/uploads\/2025\/10\/PSC2025_v2025_10_15-1-1024x724.jpg"}],"twitter_card":"summary_large_image","twitter_misc":{"Est. reading time":"5 minut"},"schema":{"@context":"https:\/\/schema.org","@graph":[{"@type":"Organization","@id":"https:\/\/mars.uj.edu.pl\/#organization","name":"Planetary Lab \u2013 Interfaculty Program in Planetary Research (Jagiellonian University in Krak\u00f3w)","url":"https:\/\/mars.uj.edu.pl\/","sameAs":[],"logo":{"@type":"ImageObject","inLanguage":"pl-PL","@id":"https:\/\/mars.uj.edu.pl\/#\/schema\/logo\/image\/","url":"https:\/\/mars.uj.edu.pl\/wp-content\/uploads\/2020\/02\/cropped-UJ_her_neg1.png","contentUrl":"https:\/\/mars.uj.edu.pl\/wp-content\/uploads\/2020\/02\/cropped-UJ_her_neg1.png","width":179,"height":250,"caption":"Planetary Lab \u2013 Interfaculty Program in Planetary Research (Jagiellonian University in Krak\u00f3w)"},"image":{"@id":"https:\/\/mars.uj.edu.pl\/#\/schema\/logo\/image\/"}},{"@type":"WebSite","@id":"https:\/\/mars.uj.edu.pl\/#website","url":"https:\/\/mars.uj.edu.pl\/","name":"Mi\u0119dzywydzia\u0142owy Program Bada\u0144 Planetarnych","description":"Uniwersytet Jagiello\u0144ski w Krakowie","publisher":{"@id":"https:\/\/mars.uj.edu.pl\/#organization"},"potentialAction":[{"@type":"SearchAction","target":{"@type":"EntryPoint","urlTemplate":"https:\/\/mars.uj.edu.pl\/?s={search_term_string}"},"query-input":"required name=search_term_string"}],"inLanguage":"pl-PL"},{"@type":"WebPage","@id":"https:\/\/mars.uj.edu.pl\/index.php\/planetary-science-conference\/planetary-science-conference-2025\/","url":"https:\/\/mars.uj.edu.pl\/index.php\/planetary-science-conference\/planetary-science-conference-2025\/","name":"Planetary Science Conference 2025 - Mi\u0119dzywydzia\u0142owy Program Bada\u0144 Planetarnych","isPartOf":{"@id":"https:\/\/mars.uj.edu.pl\/#website"},"datePublished":"2025-02-24T13:14:20+00:00","dateModified":"2026-01-15T15:01:21+00:00","breadcrumb":{"@id":"https:\/\/mars.uj.edu.pl\/index.php\/planetary-science-conference\/planetary-science-conference-2025\/#breadcrumb"},"inLanguage":"pl-PL","potentialAction":[{"@type":"ReadAction","target":["https:\/\/mars.uj.edu.pl\/index.php\/planetary-science-conference\/planetary-science-conference-2025\/"]}]},{"@type":"BreadcrumbList","@id":"https:\/\/mars.uj.edu.pl\/index.php\/planetary-science-conference\/planetary-science-conference-2025\/#breadcrumb","itemListElement":[{"@type":"ListItem","position":1,"name":"Home","item":"https:\/\/mars.uj.edu.pl\/index.php\/pl\/miedzywydzialowy-program-badan-planetarnych\/"},{"@type":"ListItem","position":2,"name":"Planetary Science Conference","item":"https:\/\/mars.uj.edu.pl\/index.php\/planetary-science-conference\/"},{"@type":"ListItem","position":3,"name":"Planetary Science Conference 2025"}]}]}},"_links":{"self":[{"href":"https:\/\/mars.uj.edu.pl\/index.php\/wp-json\/wp\/v2\/pages\/1194"}],"collection":[{"href":"https:\/\/mars.uj.edu.pl\/index.php\/wp-json\/wp\/v2\/pages"}],"about":[{"href":"https:\/\/mars.uj.edu.pl\/index.php\/wp-json\/wp\/v2\/types\/page"}],"author":[{"embeddable":true,"href":"https:\/\/mars.uj.edu.pl\/index.php\/wp-json\/wp\/v2\/users\/1"}],"replies":[{"embeddable":true,"href":"https:\/\/mars.uj.edu.pl\/index.php\/wp-json\/wp\/v2\/comments?post=1194"}],"version-history":[{"count":45,"href":"https:\/\/mars.uj.edu.pl\/index.php\/wp-json\/wp\/v2\/pages\/1194\/revisions"}],"predecessor-version":[{"id":1380,"href":"https:\/\/mars.uj.edu.pl\/index.php\/wp-json\/wp\/v2\/pages\/1194\/revisions\/1380"}],"up":[{"embeddable":true,"href":"https:\/\/mars.uj.edu.pl\/index.php\/wp-json\/wp\/v2\/pages\/440"}],"wp:attachment":[{"href":"https:\/\/mars.uj.edu.pl\/index.php\/wp-json\/wp\/v2\/media?parent=1194"}],"curies":[{"name":"wp","href":"https:\/\/api.w.org\/{rel}","templated":true}]}}