{"id":226,"date":"2019-12-17T17:51:06","date_gmt":"2019-12-17T16:51:06","guid":{"rendered":"http:\/\/mars.if.uj.edu.pl\/?page_id=226"},"modified":"2025-09-12T13:52:23","modified_gmt":"2025-09-12T11:52:23","slug":"kontakt","status":"publish","type":"page","link":"https:\/\/mars.uj.edu.pl\/index.php\/pl\/kontakt\/","title":{"rendered":"Kontakt"},"content":{"rendered":"\n<h3>Koordynator programu<\/h3>\n\n\n\n<p>Dr Joanna Kozakiewicz, e-mail: &#x6a;&#46;k&#x6f;&#122;a&#x6b;&#105;e&#x77;&#105;c&#x7a;&#64;u&#x6a;&#46;e&#x64;&#117;&#46;&#x70;&#108; <\/p>\n\n\n\n<hr class=\"wp-block-separator has-css-opacity is-style-wide\"\/>\n\n\n\n<h3>Przedstawiciele w poszczeg\u00f3lnych jednostkach administracyjnych UJ:<\/h3>\n\n\n\n<h3><strong>Wydzia\u0142 Fizyki, Astronomii i Informatyki Stosowanej UJ<\/strong><\/h3>\n\n\n\n<p>ul. \u0141ojasiewicza 11, 30-348 Krak\u00f3w<br><a href=\"https:\/\/fais.uj.edu.pl\/\" target=\"_blank\" rel=\"noopener noreferrer\">www.fais.uj.edu.pl<\/a><\/p>\n\n\n\n<p><strong>Obserwatorium Astronomiczne UJ<\/strong><br>ul. Orla 171, 30-244 Krak\u00f3w<br>Prof. dr hab. Grzegorz Micha\u0142ek, e-mail: g&#114;&#122;&#x65;&#x67;or&#122;&#46;&#x6d;&#x69;ch&#97;&#108;&#x65;&#x6b;&#64;u&#106;&#x2e;&#x65;&#x64;u&#46;&#112;&#x6c; <\/p>\n\n\n\n<p><strong>Instytut Informatyki Stosowanej UJ<\/strong><br>ul. \u0141ojasiewicza 11, 30-348 Krak\u00f3w<br>Mgr Leszek Nowak, e-mail: l&#101;&#x73;&#x7a;&#x65;k&#46;&#x6e;&#x6f;&#x77;a&#107;&#x40;&#x75;&#x6a;&#46;&#101;&#x64;&#x75;&#x2e;p&#108; <\/p>\n\n\n\n<h3><strong>Wydzia\u0142 Geografii i Geologii UJ<\/strong><\/h3>\n\n\n\n<p>ul. Gronostajowa 3a, 30-387 Krak\u00f3w<br><a href=\"https:\/\/wgig.uj.edu.pl\/\" target=\"_blank\" rel=\"noopener noreferrer\">www.wgig.uj.edu.pl<\/a> <\/p>\n\n\n\n<p><strong>Instytut Geografii i Gospodarki Przestrzennej UJ<\/strong><br>ul. Gronostajowa 7, 30-387 Krak\u00f3w<br>Dr Mateusz Sobucki, e-mail: &#x6d;&#x61;&#116;e&#x75;&#x73;&#122;&#46;s&#x6f;&#x62;&#117;&#99;k&#x69;&#x40;&#117;j&#46;&#x65;&#x64;&#117;&#46;&#x70;&#x6c; <\/p>\n\n\n\n<p><strong>Instytut Nauk Geologicznych UJ<\/strong><br>ul. Gronostajowa 3a, 30-387 Krak\u00f3w<br>Dr Maciej Kania, e-mail: &#x6d;&#x61;&#x63;&#x69;&#101;&#106;&#46;&#107;ani&#x61;&#x40;&#x75;&#x6a;&#x2e;&#101;&#100;&#117;&#46;pl <\/p>\n\n\n\n<h3><strong>Wydzia\u0142 Prawa i Administracji UJ<\/strong><\/h3>\n\n\n\n<p>ul. Go\u0142\u0119bia 24, 31-007 Krak\u00f3w<br><a href=\"https:\/\/wpia.uj.edu.pl\" target=\"_blank\" rel=\"noopener noreferrer\">www.wpia.uj.edu.pl<\/a><\/p>\n\n\n<p><!--EndFragment-->\u00a0Dr Jakub G. Firlus, e-mail: &#106;&#97;&#x6b;u&#98;&#x2e;&#x66;i&#114;&#x6c;&#x75;s&#64;&#x75;&#x6a;&#46;&#101;&#x64;&#x75;&#46;&#112;&#x6c;<\/p>","protected":false},"excerpt":{"rendered":"<p>Koordynator programu Dr Joanna Kozakiewicz, e-mail: Przedstawiciele w poszczeg\u00f3lnych jednostkach administracyjnych UJ: Wydzia\u0142 Fizyki, Astronomii i Informatyki Stosowanej UJ ul. \u0141ojasiewicza 11, 30-348 Krak\u00f3wwww.fais.uj.edu.pl Obserwatorium Astronomiczne UJul. Orla 171, 30-244 Krak\u00f3wProf. dr hab. Grzegorz Micha\u0142ek, e-mail: Instytut Informatyki Stosowanej UJul. \u0141ojasiewicza 11, 30-348 Krak\u00f3wMgr Leszek Nowak, e-mail: Wydzia\u0142 Geografii i Geologii UJ ul. Gronostajowa 3a, &hellip; <\/p>\n<p class=\"link-more\"><a href=\"https:\/\/mars.uj.edu.pl\/index.php\/pl\/kontakt\/\" class=\"more-link\">Czytaj dalej<span class=\"screen-reader-text\"> Kontakt<\/span><\/a><\/p>\n","protected":false},"author":1,"featured_media":0,"parent":0,"menu_order":0,"comment_status":"closed","ping_status":"closed","template":"","meta":[],"yoast_head":"<!-- This site is optimized with the Yoast SEO plugin v19.4 - https:\/\/yoast.com\/wordpress\/plugins\/seo\/ -->\n<title>Kontakt - Mi\u0119dzywydzia\u0142owy Program Bada\u0144 Planetarnych<\/title>\n<meta name=\"robots\" content=\"index, follow, max-snippet:-1, max-image-preview:large, max-video-preview:-1\" \/>\n<link rel=\"canonical\" href=\"https:\/\/mars.uj.edu.pl\/index.php\/pl\/kontakt\/\" \/>\n<meta property=\"og:locale\" content=\"pl_PL\" \/>\n<meta property=\"og:type\" content=\"article\" \/>\n<meta property=\"og:title\" content=\"Kontakt - Mi\u0119dzywydzia\u0142owy Program Bada\u0144 Planetarnych\" \/>\n<meta property=\"og:description\" content=\"Koordynator programu Dr Joanna Kozakiewicz, e-mail: Przedstawiciele w poszczeg\u00f3lnych jednostkach administracyjnych UJ: Wydzia\u0142 Fizyki, Astronomii i Informatyki Stosowanej UJ ul. \u0141ojasiewicza 11, 30-348 Krak\u00f3wwww.fais.uj.edu.pl Obserwatorium Astronomiczne UJul. Orla 171, 30-244 Krak\u00f3wProf. dr hab. Grzegorz Micha\u0142ek, e-mail: Instytut Informatyki Stosowanej UJul. \u0141ojasiewicza 11, 30-348 Krak\u00f3wMgr Leszek Nowak, e-mail: Wydzia\u0142 Geografii i Geologii UJ ul. Gronostajowa 3a, &hellip; Czytaj dalej Kontakt\" \/>\n<meta property=\"og:url\" content=\"https:\/\/mars.uj.edu.pl\/index.php\/pl\/kontakt\/\" \/>\n<meta property=\"og:site_name\" content=\"Mi\u0119dzywydzia\u0142owy Program Bada\u0144 Planetarnych\" \/>\n<meta property=\"article:modified_time\" content=\"2025-09-12T11:52:23+00:00\" \/>\n<meta name=\"twitter:card\" content=\"summary_large_image\" \/>\n<meta name=\"twitter:label1\" content=\"Est. reading time\" \/>\n\t<meta name=\"twitter:data1\" content=\"1 minuta\" \/>\n<script type=\"application\/ld+json\" class=\"yoast-schema-graph\">{\"@context\":\"https:\/\/schema.org\",\"@graph\":[{\"@type\":\"Organization\",\"@id\":\"https:\/\/mars.uj.edu.pl\/#organization\",\"name\":\"Planetary Lab \u2013 Interfaculty Program in Planetary Research (Jagiellonian University in Krak\u00f3w)\",\"url\":\"https:\/\/mars.uj.edu.pl\/\",\"sameAs\":[],\"logo\":{\"@type\":\"ImageObject\",\"inLanguage\":\"pl-PL\",\"@id\":\"https:\/\/mars.uj.edu.pl\/#\/schema\/logo\/image\/\",\"url\":\"https:\/\/mars.uj.edu.pl\/wp-content\/uploads\/2020\/02\/cropped-UJ_her_neg1.png\",\"contentUrl\":\"https:\/\/mars.uj.edu.pl\/wp-content\/uploads\/2020\/02\/cropped-UJ_her_neg1.png\",\"width\":179,\"height\":250,\"caption\":\"Planetary Lab \u2013 Interfaculty Program in Planetary Research (Jagiellonian University in Krak\u00f3w)\"},\"image\":{\"@id\":\"https:\/\/mars.uj.edu.pl\/#\/schema\/logo\/image\/\"}},{\"@type\":\"WebSite\",\"@id\":\"https:\/\/mars.uj.edu.pl\/#website\",\"url\":\"https:\/\/mars.uj.edu.pl\/\",\"name\":\"Mi\u0119dzywydzia\u0142owy Program Bada\u0144 Planetarnych\",\"description\":\"Uniwersytet Jagiello\u0144ski w Krakowie\",\"publisher\":{\"@id\":\"https:\/\/mars.uj.edu.pl\/#organization\"},\"potentialAction\":[{\"@type\":\"SearchAction\",\"target\":{\"@type\":\"EntryPoint\",\"urlTemplate\":\"https:\/\/mars.uj.edu.pl\/?s={search_term_string}\"},\"query-input\":\"required name=search_term_string\"}],\"inLanguage\":\"pl-PL\"},{\"@type\":\"WebPage\",\"@id\":\"https:\/\/mars.uj.edu.pl\/index.php\/pl\/kontakt\/\",\"url\":\"https:\/\/mars.uj.edu.pl\/index.php\/pl\/kontakt\/\",\"name\":\"Kontakt - Mi\u0119dzywydzia\u0142owy Program Bada\u0144 Planetarnych\",\"isPartOf\":{\"@id\":\"https:\/\/mars.uj.edu.pl\/#website\"},\"datePublished\":\"2019-12-17T16:51:06+00:00\",\"dateModified\":\"2025-09-12T11:52:23+00:00\",\"breadcrumb\":{\"@id\":\"https:\/\/mars.uj.edu.pl\/index.php\/pl\/kontakt\/#breadcrumb\"},\"inLanguage\":\"pl-PL\",\"potentialAction\":[{\"@type\":\"ReadAction\",\"target\":[\"https:\/\/mars.uj.edu.pl\/index.php\/pl\/kontakt\/\"]}]},{\"@type\":\"BreadcrumbList\",\"@id\":\"https:\/\/mars.uj.edu.pl\/index.php\/pl\/kontakt\/#breadcrumb\",\"itemListElement\":[{\"@type\":\"ListItem\",\"position\":1,\"name\":\"Home\",\"item\":\"https:\/\/mars.uj.edu.pl\/index.php\/pl\/miedzywydzialowy-program-badan-planetarnych\/\"},{\"@type\":\"ListItem\",\"position\":2,\"name\":\"Kontakt\"}]}]}<\/script>\n<!-- \/ Yoast SEO plugin. -->","yoast_head_json":{"title":"Kontakt - Mi\u0119dzywydzia\u0142owy Program Bada\u0144 Planetarnych","robots":{"index":"index","follow":"follow","max-snippet":"max-snippet:-1","max-image-preview":"max-image-preview:large","max-video-preview":"max-video-preview:-1"},"canonical":"https:\/\/mars.uj.edu.pl\/index.php\/pl\/kontakt\/","og_locale":"pl_PL","og_type":"article","og_title":"Kontakt - Mi\u0119dzywydzia\u0142owy Program Bada\u0144 Planetarnych","og_description":"Koordynator programu Dr Joanna Kozakiewicz, e-mail: Przedstawiciele w poszczeg\u00f3lnych jednostkach administracyjnych UJ: Wydzia\u0142 Fizyki, Astronomii i Informatyki Stosowanej UJ ul. \u0141ojasiewicza 11, 30-348 Krak\u00f3wwww.fais.uj.edu.pl Obserwatorium Astronomiczne UJul. Orla 171, 30-244 Krak\u00f3wProf. dr hab. Grzegorz Micha\u0142ek, e-mail: Instytut Informatyki Stosowanej UJul. \u0141ojasiewicza 11, 30-348 Krak\u00f3wMgr Leszek Nowak, e-mail: Wydzia\u0142 Geografii i Geologii UJ ul. Gronostajowa 3a, &hellip; Czytaj dalej Kontakt","og_url":"https:\/\/mars.uj.edu.pl\/index.php\/pl\/kontakt\/","og_site_name":"Mi\u0119dzywydzia\u0142owy Program Bada\u0144 Planetarnych","article_modified_time":"2025-09-12T11:52:23+00:00","twitter_card":"summary_large_image","twitter_misc":{"Est. reading time":"1 minuta"},"schema":{"@context":"https:\/\/schema.org","@graph":[{"@type":"Organization","@id":"https:\/\/mars.uj.edu.pl\/#organization","name":"Planetary Lab \u2013 Interfaculty Program in Planetary Research (Jagiellonian University in Krak\u00f3w)","url":"https:\/\/mars.uj.edu.pl\/","sameAs":[],"logo":{"@type":"ImageObject","inLanguage":"pl-PL","@id":"https:\/\/mars.uj.edu.pl\/#\/schema\/logo\/image\/","url":"https:\/\/mars.uj.edu.pl\/wp-content\/uploads\/2020\/02\/cropped-UJ_her_neg1.png","contentUrl":"https:\/\/mars.uj.edu.pl\/wp-content\/uploads\/2020\/02\/cropped-UJ_her_neg1.png","width":179,"height":250,"caption":"Planetary Lab \u2013 Interfaculty Program in Planetary Research (Jagiellonian University in Krak\u00f3w)"},"image":{"@id":"https:\/\/mars.uj.edu.pl\/#\/schema\/logo\/image\/"}},{"@type":"WebSite","@id":"https:\/\/mars.uj.edu.pl\/#website","url":"https:\/\/mars.uj.edu.pl\/","name":"Mi\u0119dzywydzia\u0142owy Program Bada\u0144 Planetarnych","description":"Uniwersytet Jagiello\u0144ski w Krakowie","publisher":{"@id":"https:\/\/mars.uj.edu.pl\/#organization"},"potentialAction":[{"@type":"SearchAction","target":{"@type":"EntryPoint","urlTemplate":"https:\/\/mars.uj.edu.pl\/?s={search_term_string}"},"query-input":"required name=search_term_string"}],"inLanguage":"pl-PL"},{"@type":"WebPage","@id":"https:\/\/mars.uj.edu.pl\/index.php\/pl\/kontakt\/","url":"https:\/\/mars.uj.edu.pl\/index.php\/pl\/kontakt\/","name":"Kontakt - Mi\u0119dzywydzia\u0142owy Program Bada\u0144 Planetarnych","isPartOf":{"@id":"https:\/\/mars.uj.edu.pl\/#website"},"datePublished":"2019-12-17T16:51:06+00:00","dateModified":"2025-09-12T11:52:23+00:00","breadcrumb":{"@id":"https:\/\/mars.uj.edu.pl\/index.php\/pl\/kontakt\/#breadcrumb"},"inLanguage":"pl-PL","potentialAction":[{"@type":"ReadAction","target":["https:\/\/mars.uj.edu.pl\/index.php\/pl\/kontakt\/"]}]},{"@type":"BreadcrumbList","@id":"https:\/\/mars.uj.edu.pl\/index.php\/pl\/kontakt\/#breadcrumb","itemListElement":[{"@type":"ListItem","position":1,"name":"Home","item":"https:\/\/mars.uj.edu.pl\/index.php\/pl\/miedzywydzialowy-program-badan-planetarnych\/"},{"@type":"ListItem","position":2,"name":"Kontakt"}]}]}},"_links":{"self":[{"href":"https:\/\/mars.uj.edu.pl\/index.php\/wp-json\/wp\/v2\/pages\/226"}],"collection":[{"href":"https:\/\/mars.uj.edu.pl\/index.php\/wp-json\/wp\/v2\/pages"}],"about":[{"href":"https:\/\/mars.uj.edu.pl\/index.php\/wp-json\/wp\/v2\/types\/page"}],"author":[{"embeddable":true,"href":"https:\/\/mars.uj.edu.pl\/index.php\/wp-json\/wp\/v2\/users\/1"}],"replies":[{"embeddable":true,"href":"https:\/\/mars.uj.edu.pl\/index.php\/wp-json\/wp\/v2\/comments?post=226"}],"version-history":[{"count":15,"href":"https:\/\/mars.uj.edu.pl\/index.php\/wp-json\/wp\/v2\/pages\/226\/revisions"}],"predecessor-version":[{"id":1292,"href":"https:\/\/mars.uj.edu.pl\/index.php\/wp-json\/wp\/v2\/pages\/226\/revisions\/1292"}],"wp:attachment":[{"href":"https:\/\/mars.uj.edu.pl\/index.php\/wp-json\/wp\/v2\/media?parent=226"}],"curies":[{"name":"wp","href":"https:\/\/api.w.org\/{rel}","templated":true}]}}

<h3>Koordynator programu</h3>



<p>Dr Joanna Kozakiewicz, e-mail: &#x6a;&#46;k&#x6f;&#122;a&#x6b;&#105;e&#x77;&#105;c&#x7a;&#64;u&#x6a;&#46;e&#x64;&#117;&#46;&#x70;&#108; </p>



<hr class="wp-block-separator has-css-opacity is-style-wide"/>



<h3>Przedstawiciele w poszczególnych jednostkach administracyjnych UJ:</h3>



<h3><strong>Wydział Fizyki, Astronomii i Informatyki Stosowanej UJ</strong></h3>



<p>ul. Łojasiewicza 11, 30-348 Kraków<br><a href="https://fais.uj.edu.pl/" target="_blank" rel="noopener noreferrer">www.fais.uj.edu.pl</a></p>



<p><strong>Obserwatorium Astronomiczne UJ</strong><br>ul. Orla 171, 30-244 Kraków<br>Prof. dr hab. Grzegorz Michałek, e-mail: g&#114;&#122;&#x65;&#x67;or&#122;&#46;&#x6d;&#x69;ch&#97;&#108;&#x65;&#x6b;&#64;u&#106;&#x2e;&#x65;&#x64;u&#46;&#112;&#x6c; </p>



<p><strong>Instytut Informatyki Stosowanej UJ</strong><br>ul. Łojasiewicza 11, 30-348 Kraków<br>Mgr Leszek Nowak, e-mail: l&#101;&#x73;&#x7a;&#x65;k&#46;&#x6e;&#x6f;&#x77;a&#107;&#x40;&#x75;&#x6a;&#46;&#101;&#x64;&#x75;&#x2e;p&#108; </p>



<h3><strong>Wydział Geografii i Geologii UJ</strong></h3>



<p>ul. Gronostajowa 3a, 30-387 Kraków<br><a href="https://wgig.uj.edu.pl/" target="_blank" rel="noopener noreferrer">www.wgig.uj.edu.pl</a> </p>



<p><strong>Instytut Geografii i Gospodarki Przestrzennej UJ</strong><br>ul. Gronostajowa 7, 30-387 Kraków<br>Dr Mateusz Sobucki, e-mail: &#x6d;&#x61;&#116;e&#x75;&#x73;&#122;&#46;s&#x6f;&#x62;&#117;&#99;k&#x69;&#x40;&#117;j&#46;&#x65;&#x64;&#117;&#46;&#x70;&#x6c; </p>



<p><strong>Instytut Nauk Geologicznych UJ</strong><br>ul. Gronostajowa 3a, 30-387 Kraków<br>Dr Maciej Kania, e-mail: &#x6d;&#x61;&#x63;&#x69;&#101;&#106;&#46;&#107;ani&#x61;&#x40;&#x75;&#x6a;&#x2e;&#101;&#100;&#117;&#46;pl </p>



<h3><strong>Wydział Prawa i Administracji UJ</strong></h3>



<p>ul. Gołębia 24, 31-007 Kraków<br><a href="https://wpia.uj.edu.pl" target="_blank" rel="noopener noreferrer">www.wpia.uj.edu.pl</a></p>


<p><!--EndFragment--> Dr Jakub G. Firlus, e-mail: &#106;&#97;&#x6b;u&#98;&#x2e;&#x66;i&#114;&#x6c;&#x75;s&#64;&#x75;&#x6a;&#46;&#101;&#x64;&#x75;&#46;&#112;&#x6c;</p>

<p>Koordynator programu Dr Joanna Kozakiewicz, e-mail: Przedstawiciele w poszczególnych jednostkach administracyjnych UJ: Wydział Fizyki, Astronomii i Informatyki Stosowanej UJ ul. Łojasiewicza 11, 30-348 Krakówwww.fais.uj.edu.pl Obserwatorium Astronomiczne UJul. Orla 171, 30-244 KrakówProf. dr hab. Grzegorz Michałek, e-mail: Instytut Informatyki Stosowanej UJul. Łojasiewicza 11, 30-348 KrakówMgr Leszek Nowak, e-mail: Wydział Geografii i Geologii UJ ul. Gronostajowa 3a, &hellip; </p>
<p class="link-more"><a href="https://mars.uj.edu.pl/index.php/pl/kontakt/" class="more-link">Czytaj dalej<span class="screen-reader-text"> Kontakt</span></a></p>

<!-- This site is optimized with the Yoast SEO plugin v19.4 - https://yoast.com/wordpress/plugins/seo/ -->
<title>Kontakt - Międzywydziałowy Program Badań Planetarnych</title>
<meta name="robots" content="index, follow, max-snippet:-1, max-image-preview:large, max-video-preview:-1" />
<link rel="canonical" href="https://mars.uj.edu.pl/index.php/pl/kontakt/" />
<meta property="og:locale" content="pl_PL" />
<meta property="og:type" content="article" />
<meta property="og:title" content="Kontakt - Międzywydziałowy Program Badań Planetarnych" />
<meta property="og:description" content="Koordynator programu Dr Joanna Kozakiewicz, e-mail: Przedstawiciele w poszczególnych jednostkach administracyjnych UJ: Wydział Fizyki, Astronomii i Informatyki Stosowanej UJ ul. Łojasiewicza 11, 30-348 Krakówwww.fais.uj.edu.pl Obserwatorium Astronomiczne UJul. Orla 171, 30-244 KrakówProf. dr hab. Grzegorz Michałek, e-mail: Instytut Informatyki Stosowanej UJul. Łojasiewicza 11, 30-348 KrakówMgr Leszek Nowak, e-mail: Wydział Geografii i Geologii UJ ul. Gronostajowa 3a, &hellip; Czytaj dalej Kontakt" />
<meta property="og:url" content="https://mars.uj.edu.pl/index.php/pl/kontakt/" />
<meta property="og:site_name" content="Międzywydziałowy Program Badań Planetarnych" />
<meta property="article:modified_time" content="2025-09-12T11:52:23+00:00" />
<meta name="twitter:card" content="summary_large_image" />
<meta name="twitter:label1" content="Est. reading time" />
	<meta name="twitter:data1" content="1 minuta" />
<script type="application/ld+json" class="yoast-schema-graph">{"@context":"https://schema.org","@graph":[{"@type":"Organization","@id":"https://mars.uj.edu.pl/#organization","name":"Planetary Lab – Interfaculty Program in Planetary Research (Jagiellonian University in Kraków)","url":"https://mars.uj.edu.pl/","sameAs":[],"logo":{"@type":"ImageObject","inLanguage":"pl-PL","@id":"https://mars.uj.edu.pl/#/schema/logo/image/","url":"https://mars.uj.edu.pl/wp-content/uploads/2020/02/cropped-UJ_her_neg1.png","contentUrl":"https://mars.uj.edu.pl/wp-content/uploads/2020/02/cropped-UJ_her_neg1.png","width":179,"height":250,"caption":"Planetary Lab – Interfaculty Program in Planetary Research (Jagiellonian University in Kraków)"},"image":{"@id":"https://mars.uj.edu.pl/#/schema/logo/image/"}},{"@type":"WebSite","@id":"https://mars.uj.edu.pl/#website","url":"https://mars.uj.edu.pl/","name":"Międzywydziałowy Program Badań Planetarnych","description":"Uniwersytet Jagielloński w Krakowie","publisher":{"@id":"https://mars.uj.edu.pl/#organization"},"potentialAction":[{"@type":"SearchAction","target":{"@type":"EntryPoint","urlTemplate":"https://mars.uj.edu.pl/?s={search_term_string}"},"query-input":"required name=search_term_string"}],"inLanguage":"pl-PL"},{"@type":"WebPage","@id":"https://mars.uj.edu.pl/index.php/pl/kontakt/","url":"https://mars.uj.edu.pl/index.php/pl/kontakt/","name":"Kontakt - Międzywydziałowy Program Badań Planetarnych","isPartOf":{"@id":"https://mars.uj.edu.pl/#website"},"datePublished":"2019-12-17T16:51:06+00:00","dateModified":"2025-09-12T11:52:23+00:00","breadcrumb":{"@id":"https://mars.uj.edu.pl/index.php/pl/kontakt/#breadcrumb"},"inLanguage":"pl-PL","potentialAction":[{"@type":"ReadAction","target":["https://mars.uj.edu.pl/index.php/pl/kontakt/"]}]},{"@type":"BreadcrumbList","@id":"https://mars.uj.edu.pl/index.php/pl/kontakt/#breadcrumb","itemListElement":[{"@type":"ListItem","position":1,"name":"Home","item":"https://mars.uj.edu.pl/index.php/pl/miedzywydzialowy-program-badan-planetarnych/"},{"@type":"ListItem","position":2,"name":"Kontakt"}]}]}</script>
<!-- / Yoast SEO plugin. -->

Kontakt - Międzywydziałowy Program Badań Planetarnych

Koordynator programu Dr Joanna Kozakiewicz, e-mail: Przedstawiciele w poszczególnych jednostkach administracyjnych UJ: Wydział Fizyki, Astronomii i Informatyki Stosowanej UJ ul. Łojasiewicza 11, 30-348 Krakówwww.fais.uj.edu.pl Obserwatorium Astronomiczne UJul. Orla 171, 30-244 KrakówProf. dr hab. Grzegorz Michałek, e-mail: Instytut Informatyki Stosowanej UJul. Łojasiewicza 11, 30-348 KrakówMgr Leszek Nowak, e-mail: Wydział Geografii i Geologii UJ ul. Gronostajowa 3a, &hellip; Czytaj dalej Kontakt

Międzywydziałowy Program Badań Planetarnych

Planetary Lab – Interfaculty Program in Planetary Research (Jagiellonian University in Kraków)

Uniwersytet Jagielloński w Krakowie
