{"id":432,"date":"2020-07-14T19:19:56","date_gmt":"2020-07-14T17:19:56","guid":{"rendered":"http:\/\/mars.uj.edu.pl\/?page_id=432"},"modified":"2025-06-23T10:31:30","modified_gmt":"2025-06-23T08:31:30","slug":"planetary-science-conference-2","status":"publish","type":"page","link":"https:\/\/mars.uj.edu.pl\/index.php\/pl\/planetary-science-conference-2\/","title":{"rendered":"Planetary Science Conference"},"content":{"rendered":"\n<h4><strong>Cel konferencji<\/strong><\/h4>\n\n\n\n<p>Prezentacja osi\u0105gni\u0119\u0107 polskich\nnaukowc\u00f3w w zakresie bada\u0144 marsja\u0144skich, nawi\u0105zanie wsp\u00f3\u0142pracy naukowej w\nzakresie bada\u0144 marsja\u0144skich pomi\u0119dzy r\u00f3\u017cnymi jednostkami naukowymi i\nnaukowcami, rozw\u00f3j bada\u0144 marsja\u0144skich w Polsce.<\/p>\n\n\n\n<h4><strong>Zakres tematyczny<\/strong><\/h4>\n\n\n\n<p>Tematyka konferencji dotyczy ca\u0142o\u015bci zagadnie\u0144 zwi\u0105zanych z Marsem, takich jak: <\/p>\n\n\n\n<ul><li>estymacja parametr\u00f3w orbitalnych Marsa i w\u0142asno\u015bci globalnych planety<\/li><li>otoczenie kosmiczne Marsa<\/li><li>badanie sfer planetarnych Marsa: magnetosfery, jonosfery, atmosfery, litosfery, hydrosfery i wn\u0119trza planety<\/li><\/ul>\n\n\n\n<p>w tym prezentacji wynik\u00f3w bada\u0144 opartych na:<\/p>\n\n\n\n<ul><li>danych z bie\u017c\u0105cych i zako\u0144czonych misji marsja\u0144skich <\/li><li>nowych proponowanych rozwi\u0105zaniach, tj. metodach, aparaturze i narz\u0119dziach badawczych dla przysz\u0142ych misji marsja\u0144skich<\/li><li>modelowaniu teoretycznym i symulacjach numerycznych w badaniach marsja\u0144skich<\/li><li>symulacjach laboratoryjnych w badaniach marsja\u0144skich i badaniach analog\u00f3w marsja\u0144skich wyst\u0119puj\u0105cych na Ziemi.  <br><\/li><\/ul>\n\n\n\n<div class=\"wp-container-1 wp-block-buttons\">\n<div class=\"wp-block-button\"><a class=\"wp-block-button__link\" href=\"https:\/\/mars.uj.edu.pl\/index.php\/pl\/planetary-science-conference-2\/planetary-science-conference-2025\/\">Planetary Science Conference 2025 \u00bb<\/a><\/div>\n\n\n\n<div class=\"wp-block-button\"><a class=\"wp-block-button__link\" href=\"https:\/\/mars.uj.edu.pl\/index.php\/pl\/ogolnopolskie-seminarium-marsjanskie\/v-ogolnopolskie-seminarium-marsjanskie-2024\/\">Planetary Science Conference 2024 \u2013 5th National Mars Science Seminar \u00bb<\/a><\/div>\n\n\n\n<div class=\"wp-block-button\"><a class=\"wp-block-button__link\" href=\"https:\/\/mars.uj.edu.pl\/index.php\/pl\/ogolnopolskie-seminarium-marsjanskie\/iv-ogolnopolskie-seminarium-marsjanskie-2022\/\">IV Og\u00f3lnopolskie Seminarium Marsja\u0144skie (2022) \u00bb<\/a><\/div>\n\n\n\n<div class=\"wp-block-button\"><a class=\"wp-block-button__link\" href=\"https:\/\/mars.uj.edu.pl\/index.php\/pl\/ogolnopolskie-seminarium-marsjanskie\/iii-ogolnopolskie-seminarium-marsjanskie-2021\/\">III Og\u00f3lnopolskie Seminarium Marsja\u0144skie (2021) \u00bb<\/a><\/div>\n<\/div>\n\n\n\n<div class=\"wp-container-2 wp-block-buttons\">\n<div class=\"wp-block-button\"><a class=\"wp-block-button__link\" href=\"https:\/\/mars.uj.edu.pl\/index.php\/pl\/ogolnopolskie-seminarium-marsjanskie\/ii-ogolnopolskie-seminarium-marsjanskie-2020\/\">II Og\u00f3lnopolskie Seminarium Marsja\u0144skie (2020) \u00bb<\/a><\/div>\n<\/div>\n\n\n\n<div class=\"wp-container-3 wp-block-buttons\">\n<div class=\"wp-block-button\"><a class=\"wp-block-button__link\" href=\"https:\/\/mars.uj.edu.pl\/index.php\/pl\/ogolnopolskie-seminarium-marsjanskie\/i-ogolnopolskie-seminarium-marsjanskie-2019\/\">I Og\u00f3lnopolskie Seminarium Marsja\u0144skie (2019) \u00bb<\/a><\/div>\n<\/div>\n","protected":false},"excerpt":{"rendered":"<p>Cel konferencji Prezentacja osi\u0105gni\u0119\u0107 polskich naukowc\u00f3w w zakresie bada\u0144 marsja\u0144skich, nawi\u0105zanie wsp\u00f3\u0142pracy naukowej w zakresie bada\u0144 marsja\u0144skich pomi\u0119dzy r\u00f3\u017cnymi jednostkami naukowymi i naukowcami, rozw\u00f3j bada\u0144 marsja\u0144skich w Polsce. Zakres tematyczny Tematyka konferencji dotyczy ca\u0142o\u015bci zagadnie\u0144 zwi\u0105zanych z Marsem, takich jak: estymacja parametr\u00f3w orbitalnych Marsa i w\u0142asno\u015bci globalnych planety otoczenie kosmiczne Marsa badanie sfer planetarnych Marsa: &hellip; <\/p>\n<p class=\"link-more\"><a href=\"https:\/\/mars.uj.edu.pl\/index.php\/pl\/planetary-science-conference-2\/\" class=\"more-link\">Czytaj dalej<span class=\"screen-reader-text\"> Planetary Science Conference<\/span><\/a><\/p>\n","protected":false},"author":1,"featured_media":0,"parent":0,"menu_order":0,"comment_status":"closed","ping_status":"closed","template":"","meta":[],"yoast_head":"<!-- This site is optimized with the Yoast SEO plugin v19.4 - https:\/\/yoast.com\/wordpress\/plugins\/seo\/ -->\n<title>Planetary Science Conference - Mi\u0119dzywydzia\u0142owy Program Bada\u0144 Planetarnych<\/title>\n<meta name=\"robots\" content=\"index, follow, max-snippet:-1, max-image-preview:large, max-video-preview:-1\" \/>\n<link rel=\"canonical\" href=\"https:\/\/mars.uj.edu.pl\/index.php\/pl\/planetary-science-conference-2\/\" \/>\n<meta property=\"og:locale\" content=\"pl_PL\" \/>\n<meta property=\"og:type\" content=\"article\" \/>\n<meta property=\"og:title\" content=\"Planetary Science Conference - Mi\u0119dzywydzia\u0142owy Program Bada\u0144 Planetarnych\" \/>\n<meta property=\"og:description\" content=\"Cel konferencji Prezentacja osi\u0105gni\u0119\u0107 polskich naukowc\u00f3w w zakresie bada\u0144 marsja\u0144skich, nawi\u0105zanie wsp\u00f3\u0142pracy naukowej w zakresie bada\u0144 marsja\u0144skich pomi\u0119dzy r\u00f3\u017cnymi jednostkami naukowymi i naukowcami, rozw\u00f3j bada\u0144 marsja\u0144skich w Polsce. Zakres tematyczny Tematyka konferencji dotyczy ca\u0142o\u015bci zagadnie\u0144 zwi\u0105zanych z Marsem, takich jak: estymacja parametr\u00f3w orbitalnych Marsa i w\u0142asno\u015bci globalnych planety otoczenie kosmiczne Marsa badanie sfer planetarnych Marsa: &hellip; Czytaj dalej Planetary Science Conference\" \/>\n<meta property=\"og:url\" content=\"https:\/\/mars.uj.edu.pl\/index.php\/pl\/planetary-science-conference-2\/\" \/>\n<meta property=\"og:site_name\" content=\"Mi\u0119dzywydzia\u0142owy Program Bada\u0144 Planetarnych\" \/>\n<meta property=\"article:modified_time\" content=\"2025-06-23T08:31:30+00:00\" \/>\n<meta name=\"twitter:card\" content=\"summary_large_image\" \/>\n<meta name=\"twitter:label1\" content=\"Est. reading time\" \/>\n\t<meta name=\"twitter:data1\" content=\"1 minuta\" \/>\n<script type=\"application\/ld+json\" class=\"yoast-schema-graph\">{\"@context\":\"https:\/\/schema.org\",\"@graph\":[{\"@type\":\"Organization\",\"@id\":\"https:\/\/mars.uj.edu.pl\/#organization\",\"name\":\"Planetary Lab \u2013 Interfaculty Program in Planetary Research (Jagiellonian University in Krak\u00f3w)\",\"url\":\"https:\/\/mars.uj.edu.pl\/\",\"sameAs\":[],\"logo\":{\"@type\":\"ImageObject\",\"inLanguage\":\"pl-PL\",\"@id\":\"https:\/\/mars.uj.edu.pl\/#\/schema\/logo\/image\/\",\"url\":\"https:\/\/mars.uj.edu.pl\/wp-content\/uploads\/2020\/02\/cropped-UJ_her_neg1.png\",\"contentUrl\":\"https:\/\/mars.uj.edu.pl\/wp-content\/uploads\/2020\/02\/cropped-UJ_her_neg1.png\",\"width\":179,\"height\":250,\"caption\":\"Planetary Lab \u2013 Interfaculty Program in Planetary Research (Jagiellonian University in Krak\u00f3w)\"},\"image\":{\"@id\":\"https:\/\/mars.uj.edu.pl\/#\/schema\/logo\/image\/\"}},{\"@type\":\"WebSite\",\"@id\":\"https:\/\/mars.uj.edu.pl\/#website\",\"url\":\"https:\/\/mars.uj.edu.pl\/\",\"name\":\"Mi\u0119dzywydzia\u0142owy Program Bada\u0144 Planetarnych\",\"description\":\"Uniwersytet Jagiello\u0144ski w Krakowie\",\"publisher\":{\"@id\":\"https:\/\/mars.uj.edu.pl\/#organization\"},\"potentialAction\":[{\"@type\":\"SearchAction\",\"target\":{\"@type\":\"EntryPoint\",\"urlTemplate\":\"https:\/\/mars.uj.edu.pl\/?s={search_term_string}\"},\"query-input\":\"required name=search_term_string\"}],\"inLanguage\":\"pl-PL\"},{\"@type\":\"WebPage\",\"@id\":\"https:\/\/mars.uj.edu.pl\/index.php\/pl\/planetary-science-conference-2\/\",\"url\":\"https:\/\/mars.uj.edu.pl\/index.php\/pl\/planetary-science-conference-2\/\",\"name\":\"Planetary Science Conference - Mi\u0119dzywydzia\u0142owy Program Bada\u0144 Planetarnych\",\"isPartOf\":{\"@id\":\"https:\/\/mars.uj.edu.pl\/#website\"},\"datePublished\":\"2020-07-14T17:19:56+00:00\",\"dateModified\":\"2025-06-23T08:31:30+00:00\",\"breadcrumb\":{\"@id\":\"https:\/\/mars.uj.edu.pl\/index.php\/pl\/planetary-science-conference-2\/#breadcrumb\"},\"inLanguage\":\"pl-PL\",\"potentialAction\":[{\"@type\":\"ReadAction\",\"target\":[\"https:\/\/mars.uj.edu.pl\/index.php\/pl\/planetary-science-conference-2\/\"]}]},{\"@type\":\"BreadcrumbList\",\"@id\":\"https:\/\/mars.uj.edu.pl\/index.php\/pl\/planetary-science-conference-2\/#breadcrumb\",\"itemListElement\":[{\"@type\":\"ListItem\",\"position\":1,\"name\":\"Home\",\"item\":\"https:\/\/mars.uj.edu.pl\/index.php\/pl\/miedzywydzialowy-program-badan-planetarnych\/\"},{\"@type\":\"ListItem\",\"position\":2,\"name\":\"Planetary Science Conference\"}]}]}<\/script>\n<!-- \/ Yoast SEO plugin. -->","yoast_head_json":{"title":"Planetary Science Conference - Mi\u0119dzywydzia\u0142owy Program Bada\u0144 Planetarnych","robots":{"index":"index","follow":"follow","max-snippet":"max-snippet:-1","max-image-preview":"max-image-preview:large","max-video-preview":"max-video-preview:-1"},"canonical":"https:\/\/mars.uj.edu.pl\/index.php\/pl\/planetary-science-conference-2\/","og_locale":"pl_PL","og_type":"article","og_title":"Planetary Science Conference - Mi\u0119dzywydzia\u0142owy Program Bada\u0144 Planetarnych","og_description":"Cel konferencji Prezentacja osi\u0105gni\u0119\u0107 polskich naukowc\u00f3w w zakresie bada\u0144 marsja\u0144skich, nawi\u0105zanie wsp\u00f3\u0142pracy naukowej w zakresie bada\u0144 marsja\u0144skich pomi\u0119dzy r\u00f3\u017cnymi jednostkami naukowymi i naukowcami, rozw\u00f3j bada\u0144 marsja\u0144skich w Polsce. Zakres tematyczny Tematyka konferencji dotyczy ca\u0142o\u015bci zagadnie\u0144 zwi\u0105zanych z Marsem, takich jak: estymacja parametr\u00f3w orbitalnych Marsa i w\u0142asno\u015bci globalnych planety otoczenie kosmiczne Marsa badanie sfer planetarnych Marsa: &hellip; Czytaj dalej Planetary Science Conference","og_url":"https:\/\/mars.uj.edu.pl\/index.php\/pl\/planetary-science-conference-2\/","og_site_name":"Mi\u0119dzywydzia\u0142owy Program Bada\u0144 Planetarnych","article_modified_time":"2025-06-23T08:31:30+00:00","twitter_card":"summary_large_image","twitter_misc":{"Est. reading time":"1 minuta"},"schema":{"@context":"https:\/\/schema.org","@graph":[{"@type":"Organization","@id":"https:\/\/mars.uj.edu.pl\/#organization","name":"Planetary Lab \u2013 Interfaculty Program in Planetary Research (Jagiellonian University in Krak\u00f3w)","url":"https:\/\/mars.uj.edu.pl\/","sameAs":[],"logo":{"@type":"ImageObject","inLanguage":"pl-PL","@id":"https:\/\/mars.uj.edu.pl\/#\/schema\/logo\/image\/","url":"https:\/\/mars.uj.edu.pl\/wp-content\/uploads\/2020\/02\/cropped-UJ_her_neg1.png","contentUrl":"https:\/\/mars.uj.edu.pl\/wp-content\/uploads\/2020\/02\/cropped-UJ_her_neg1.png","width":179,"height":250,"caption":"Planetary Lab \u2013 Interfaculty Program in Planetary Research (Jagiellonian University in Krak\u00f3w)"},"image":{"@id":"https:\/\/mars.uj.edu.pl\/#\/schema\/logo\/image\/"}},{"@type":"WebSite","@id":"https:\/\/mars.uj.edu.pl\/#website","url":"https:\/\/mars.uj.edu.pl\/","name":"Mi\u0119dzywydzia\u0142owy Program Bada\u0144 Planetarnych","description":"Uniwersytet Jagiello\u0144ski w Krakowie","publisher":{"@id":"https:\/\/mars.uj.edu.pl\/#organization"},"potentialAction":[{"@type":"SearchAction","target":{"@type":"EntryPoint","urlTemplate":"https:\/\/mars.uj.edu.pl\/?s={search_term_string}"},"query-input":"required name=search_term_string"}],"inLanguage":"pl-PL"},{"@type":"WebPage","@id":"https:\/\/mars.uj.edu.pl\/index.php\/pl\/planetary-science-conference-2\/","url":"https:\/\/mars.uj.edu.pl\/index.php\/pl\/planetary-science-conference-2\/","name":"Planetary Science Conference - Mi\u0119dzywydzia\u0142owy Program Bada\u0144 Planetarnych","isPartOf":{"@id":"https:\/\/mars.uj.edu.pl\/#website"},"datePublished":"2020-07-14T17:19:56+00:00","dateModified":"2025-06-23T08:31:30+00:00","breadcrumb":{"@id":"https:\/\/mars.uj.edu.pl\/index.php\/pl\/planetary-science-conference-2\/#breadcrumb"},"inLanguage":"pl-PL","potentialAction":[{"@type":"ReadAction","target":["https:\/\/mars.uj.edu.pl\/index.php\/pl\/planetary-science-conference-2\/"]}]},{"@type":"BreadcrumbList","@id":"https:\/\/mars.uj.edu.pl\/index.php\/pl\/planetary-science-conference-2\/#breadcrumb","itemListElement":[{"@type":"ListItem","position":1,"name":"Home","item":"https:\/\/mars.uj.edu.pl\/index.php\/pl\/miedzywydzialowy-program-badan-planetarnych\/"},{"@type":"ListItem","position":2,"name":"Planetary Science Conference"}]}]}},"_links":{"self":[{"href":"https:\/\/mars.uj.edu.pl\/index.php\/wp-json\/wp\/v2\/pages\/432"}],"collection":[{"href":"https:\/\/mars.uj.edu.pl\/index.php\/wp-json\/wp\/v2\/pages"}],"about":[{"href":"https:\/\/mars.uj.edu.pl\/index.php\/wp-json\/wp\/v2\/types\/page"}],"author":[{"embeddable":true,"href":"https:\/\/mars.uj.edu.pl\/index.php\/wp-json\/wp\/v2\/users\/1"}],"replies":[{"embeddable":true,"href":"https:\/\/mars.uj.edu.pl\/index.php\/wp-json\/wp\/v2\/comments?post=432"}],"version-history":[{"count":11,"href":"https:\/\/mars.uj.edu.pl\/index.php\/wp-json\/wp\/v2\/pages\/432\/revisions"}],"predecessor-version":[{"id":1264,"href":"https:\/\/mars.uj.edu.pl\/index.php\/wp-json\/wp\/v2\/pages\/432\/revisions\/1264"}],"wp:attachment":[{"href":"https:\/\/mars.uj.edu.pl\/index.php\/wp-json\/wp\/v2\/media?parent=432"}],"curies":[{"name":"wp","href":"https:\/\/api.w.org\/{rel}","templated":true}]}}