{"id":618,"date":"2020-10-12T14:47:54","date_gmt":"2020-10-12T12:47:54","guid":{"rendered":"http:\/\/mars.uj.edu.pl\/?page_id=618"},"modified":"2020-10-14T16:27:29","modified_gmt":"2020-10-14T14:27:29","slug":"space-law-lab","status":"publish","type":"page","link":"https:\/\/mars.uj.edu.pl\/index.php\/structure\/space-law-lab\/","title":{"rendered":"Space Law Lab"},"content":{"rendered":"\n<p>In recent years exploration of space has become a vital phenomena not only within science in strict sense (e.g. astrophysics) but social research as well. Within the later plane (domain) one should acknowledge the importance of legal science. So-called space law which seems to be rather unformalised (esp. under Polish law), interspeciality tool for a thoroughgoing analysis of legal and non-legal aspects of exploration of space is an essential part of our studies.  <\/p>\n\n\n\n<p>Space_Law\nLab\u2019s ultimate aim is to conceptualise basic theoretical tools\nenabling proper understanding of drastically developing new domain of\nlegal research which is above-mentioned space law. We are of the\nopinion that preparation of this kind of theoretical \u201cblueprint\u201d\nwill be vital in research on phenomena which are exceeding division\n(yet not in logical sense) between such factors as private or public\nlaw and national, regional and international law. \n<\/p>\n\n\n\n<p>The\nmain range of studies has been defined as:<\/p>\n\n\n\n<ul><li>\n\n\tFreedom\n\tand access to information (including research outcomes) versus\n\tresearcher\u2019s right to oppose in context of public interest\n\tespecially states\u2019 defense doctrine. \n\t\n\t<\/li><li>\n\n\tBasic\n\tprinciples of cooperation between public and private actors in space\n\texploration \u2013 case study. \n\t\n\t<\/li><li>\n\n\tTerritorial\n\tdivision in context of legal definitions of \u201ccolonisation\u201d and\n\t\u201cquasi-colonisation\u201d under example of such devices as Mars rover\n\t\u2013 comparative perspective incorporating outcomes of research on\n\tadmiralty law and public international law.\n\t<\/li><li>\n\n\tIssues\n\trelated to legal disputes over space exploration and exploitation \n\t\n\t<\/li><li>\n\n\tCompliance\n\tof so-called administrative method of regulation (including GAL\n\tconcept) with legal challenges regarding space exploration. \n\t\n<\/li><\/ul>\n","protected":false},"excerpt":{"rendered":"<p>In recent years exploration of space has become a vital phenomena not only within science in strict sense (e.g. astrophysics) but social research as well. Within the later plane (domain) one should acknowledge the importance of legal science. So-called space law which seems to be rather unformalised (esp. under Polish law), interspeciality tool for a &hellip; <\/p>\n<p class=\"link-more\"><a href=\"https:\/\/mars.uj.edu.pl\/index.php\/structure\/space-law-lab\/\" class=\"more-link\">Czytaj dalej<span class=\"screen-reader-text\"> Space Law Lab<\/span><\/a><\/p>\n","protected":false},"author":1,"featured_media":0,"parent":613,"menu_order":1,"comment_status":"closed","ping_status":"closed","template":"","meta":[],"yoast_head":"<!-- This site is optimized with the Yoast SEO plugin v19.4 - https:\/\/yoast.com\/wordpress\/plugins\/seo\/ -->\n<title>Space Law Lab - Mi\u0119dzywydzia\u0142owy Program Bada\u0144 Planetarnych<\/title>\n<meta name=\"robots\" content=\"index, follow, max-snippet:-1, max-image-preview:large, max-video-preview:-1\" \/>\n<link rel=\"canonical\" href=\"https:\/\/mars.uj.edu.pl\/index.php\/structure\/space-law-lab\/\" \/>\n<meta property=\"og:locale\" content=\"pl_PL\" \/>\n<meta property=\"og:type\" content=\"article\" \/>\n<meta property=\"og:title\" content=\"Space Law Lab - Mi\u0119dzywydzia\u0142owy Program Bada\u0144 Planetarnych\" \/>\n<meta property=\"og:description\" content=\"In recent years exploration of space has become a vital phenomena not only within science in strict sense (e.g. astrophysics) but social research as well. Within the later plane (domain) one should acknowledge the importance of legal science. So-called space law which seems to be rather unformalised (esp. under Polish law), interspeciality tool for a &hellip; Czytaj dalej Space Law Lab\" \/>\n<meta property=\"og:url\" content=\"https:\/\/mars.uj.edu.pl\/index.php\/structure\/space-law-lab\/\" \/>\n<meta property=\"og:site_name\" content=\"Mi\u0119dzywydzia\u0142owy Program Bada\u0144 Planetarnych\" \/>\n<meta property=\"article:modified_time\" content=\"2020-10-14T14:27:29+00:00\" \/>\n<meta name=\"twitter:card\" content=\"summary_large_image\" \/>\n<meta name=\"twitter:label1\" content=\"Est. reading time\" \/>\n\t<meta name=\"twitter:data1\" content=\"1 minuta\" \/>\n<script type=\"application\/ld+json\" class=\"yoast-schema-graph\">{\"@context\":\"https:\/\/schema.org\",\"@graph\":[{\"@type\":\"Organization\",\"@id\":\"https:\/\/mars.uj.edu.pl\/#organization\",\"name\":\"Planetary Lab \u2013 Interfaculty Program in Planetary Research (Jagiellonian University in Krak\u00f3w)\",\"url\":\"https:\/\/mars.uj.edu.pl\/\",\"sameAs\":[],\"logo\":{\"@type\":\"ImageObject\",\"inLanguage\":\"pl-PL\",\"@id\":\"https:\/\/mars.uj.edu.pl\/#\/schema\/logo\/image\/\",\"url\":\"https:\/\/mars.uj.edu.pl\/wp-content\/uploads\/2020\/02\/cropped-UJ_her_neg1.png\",\"contentUrl\":\"https:\/\/mars.uj.edu.pl\/wp-content\/uploads\/2020\/02\/cropped-UJ_her_neg1.png\",\"width\":179,\"height\":250,\"caption\":\"Planetary Lab \u2013 Interfaculty Program in Planetary Research (Jagiellonian University in Krak\u00f3w)\"},\"image\":{\"@id\":\"https:\/\/mars.uj.edu.pl\/#\/schema\/logo\/image\/\"}},{\"@type\":\"WebSite\",\"@id\":\"https:\/\/mars.uj.edu.pl\/#website\",\"url\":\"https:\/\/mars.uj.edu.pl\/\",\"name\":\"Mi\u0119dzywydzia\u0142owy Program Bada\u0144 Planetarnych\",\"description\":\"Uniwersytet Jagiello\u0144ski w Krakowie\",\"publisher\":{\"@id\":\"https:\/\/mars.uj.edu.pl\/#organization\"},\"potentialAction\":[{\"@type\":\"SearchAction\",\"target\":{\"@type\":\"EntryPoint\",\"urlTemplate\":\"https:\/\/mars.uj.edu.pl\/?s={search_term_string}\"},\"query-input\":\"required name=search_term_string\"}],\"inLanguage\":\"pl-PL\"},{\"@type\":\"WebPage\",\"@id\":\"https:\/\/mars.uj.edu.pl\/index.php\/structure\/space-law-lab\/\",\"url\":\"https:\/\/mars.uj.edu.pl\/index.php\/structure\/space-law-lab\/\",\"name\":\"Space Law Lab - Mi\u0119dzywydzia\u0142owy Program Bada\u0144 Planetarnych\",\"isPartOf\":{\"@id\":\"https:\/\/mars.uj.edu.pl\/#website\"},\"datePublished\":\"2020-10-12T12:47:54+00:00\",\"dateModified\":\"2020-10-14T14:27:29+00:00\",\"breadcrumb\":{\"@id\":\"https:\/\/mars.uj.edu.pl\/index.php\/structure\/space-law-lab\/#breadcrumb\"},\"inLanguage\":\"pl-PL\",\"potentialAction\":[{\"@type\":\"ReadAction\",\"target\":[\"https:\/\/mars.uj.edu.pl\/index.php\/structure\/space-law-lab\/\"]}]},{\"@type\":\"BreadcrumbList\",\"@id\":\"https:\/\/mars.uj.edu.pl\/index.php\/structure\/space-law-lab\/#breadcrumb\",\"itemListElement\":[{\"@type\":\"ListItem\",\"position\":1,\"name\":\"Home\",\"item\":\"https:\/\/mars.uj.edu.pl\/index.php\/pl\/miedzywydzialowy-program-badan-planetarnych\/\"},{\"@type\":\"ListItem\",\"position\":2,\"name\":\"Structure\",\"item\":\"https:\/\/mars.uj.edu.pl\/index.php\/structure\/\"},{\"@type\":\"ListItem\",\"position\":3,\"name\":\"Space Law Lab\"}]}]}<\/script>\n<!-- \/ Yoast SEO plugin. -->","yoast_head_json":{"title":"Space Law Lab - Mi\u0119dzywydzia\u0142owy Program Bada\u0144 Planetarnych","robots":{"index":"index","follow":"follow","max-snippet":"max-snippet:-1","max-image-preview":"max-image-preview:large","max-video-preview":"max-video-preview:-1"},"canonical":"https:\/\/mars.uj.edu.pl\/index.php\/structure\/space-law-lab\/","og_locale":"pl_PL","og_type":"article","og_title":"Space Law Lab - Mi\u0119dzywydzia\u0142owy Program Bada\u0144 Planetarnych","og_description":"In recent years exploration of space has become a vital phenomena not only within science in strict sense (e.g. astrophysics) but social research as well. Within the later plane (domain) one should acknowledge the importance of legal science. So-called space law which seems to be rather unformalised (esp. under Polish law), interspeciality tool for a &hellip; Czytaj dalej Space Law Lab","og_url":"https:\/\/mars.uj.edu.pl\/index.php\/structure\/space-law-lab\/","og_site_name":"Mi\u0119dzywydzia\u0142owy Program Bada\u0144 Planetarnych","article_modified_time":"2020-10-14T14:27:29+00:00","twitter_card":"summary_large_image","twitter_misc":{"Est. reading time":"1 minuta"},"schema":{"@context":"https:\/\/schema.org","@graph":[{"@type":"Organization","@id":"https:\/\/mars.uj.edu.pl\/#organization","name":"Planetary Lab \u2013 Interfaculty Program in Planetary Research (Jagiellonian University in Krak\u00f3w)","url":"https:\/\/mars.uj.edu.pl\/","sameAs":[],"logo":{"@type":"ImageObject","inLanguage":"pl-PL","@id":"https:\/\/mars.uj.edu.pl\/#\/schema\/logo\/image\/","url":"https:\/\/mars.uj.edu.pl\/wp-content\/uploads\/2020\/02\/cropped-UJ_her_neg1.png","contentUrl":"https:\/\/mars.uj.edu.pl\/wp-content\/uploads\/2020\/02\/cropped-UJ_her_neg1.png","width":179,"height":250,"caption":"Planetary Lab \u2013 Interfaculty Program in Planetary Research (Jagiellonian University in Krak\u00f3w)"},"image":{"@id":"https:\/\/mars.uj.edu.pl\/#\/schema\/logo\/image\/"}},{"@type":"WebSite","@id":"https:\/\/mars.uj.edu.pl\/#website","url":"https:\/\/mars.uj.edu.pl\/","name":"Mi\u0119dzywydzia\u0142owy Program Bada\u0144 Planetarnych","description":"Uniwersytet Jagiello\u0144ski w Krakowie","publisher":{"@id":"https:\/\/mars.uj.edu.pl\/#organization"},"potentialAction":[{"@type":"SearchAction","target":{"@type":"EntryPoint","urlTemplate":"https:\/\/mars.uj.edu.pl\/?s={search_term_string}"},"query-input":"required name=search_term_string"}],"inLanguage":"pl-PL"},{"@type":"WebPage","@id":"https:\/\/mars.uj.edu.pl\/index.php\/structure\/space-law-lab\/","url":"https:\/\/mars.uj.edu.pl\/index.php\/structure\/space-law-lab\/","name":"Space Law Lab - Mi\u0119dzywydzia\u0142owy Program Bada\u0144 Planetarnych","isPartOf":{"@id":"https:\/\/mars.uj.edu.pl\/#website"},"datePublished":"2020-10-12T12:47:54+00:00","dateModified":"2020-10-14T14:27:29+00:00","breadcrumb":{"@id":"https:\/\/mars.uj.edu.pl\/index.php\/structure\/space-law-lab\/#breadcrumb"},"inLanguage":"pl-PL","potentialAction":[{"@type":"ReadAction","target":["https:\/\/mars.uj.edu.pl\/index.php\/structure\/space-law-lab\/"]}]},{"@type":"BreadcrumbList","@id":"https:\/\/mars.uj.edu.pl\/index.php\/structure\/space-law-lab\/#breadcrumb","itemListElement":[{"@type":"ListItem","position":1,"name":"Home","item":"https:\/\/mars.uj.edu.pl\/index.php\/pl\/miedzywydzialowy-program-badan-planetarnych\/"},{"@type":"ListItem","position":2,"name":"Structure","item":"https:\/\/mars.uj.edu.pl\/index.php\/structure\/"},{"@type":"ListItem","position":3,"name":"Space Law Lab"}]}]}},"_links":{"self":[{"href":"https:\/\/mars.uj.edu.pl\/index.php\/wp-json\/wp\/v2\/pages\/618"}],"collection":[{"href":"https:\/\/mars.uj.edu.pl\/index.php\/wp-json\/wp\/v2\/pages"}],"about":[{"href":"https:\/\/mars.uj.edu.pl\/index.php\/wp-json\/wp\/v2\/types\/page"}],"author":[{"embeddable":true,"href":"https:\/\/mars.uj.edu.pl\/index.php\/wp-json\/wp\/v2\/users\/1"}],"replies":[{"embeddable":true,"href":"https:\/\/mars.uj.edu.pl\/index.php\/wp-json\/wp\/v2\/comments?post=618"}],"version-history":[{"count":2,"href":"https:\/\/mars.uj.edu.pl\/index.php\/wp-json\/wp\/v2\/pages\/618\/revisions"}],"predecessor-version":[{"id":638,"href":"https:\/\/mars.uj.edu.pl\/index.php\/wp-json\/wp\/v2\/pages\/618\/revisions\/638"}],"up":[{"embeddable":true,"href":"https:\/\/mars.uj.edu.pl\/index.php\/wp-json\/wp\/v2\/pages\/613"}],"wp:attachment":[{"href":"https:\/\/mars.uj.edu.pl\/index.php\/wp-json\/wp\/v2\/media?parent=618"}],"curies":[{"name":"wp","href":"https:\/\/api.w.org\/{rel}","templated":true}]}}